{"id":5441,"date":"2020-05-06T23:01:09","date_gmt":"2020-05-06T23:01:09","guid":{"rendered":"http:\/\/www.oxigenoarquitectura.com\/wp-content\/uploads\/2020\/05\/ENTREVISTA-PRIMERA-EMISI\u00d3N-JORGE-GONZ\u00c1LEZ-N\u00c1JERA-1.mp4"},"modified":"2020-05-06T23:01:09","modified_gmt":"2020-05-06T23:01:09","slug":"entrevista-primera-emision-jorge-gonzalez-najera-1","status":"inherit","type":"attachment","link":"https:\/\/www.oxigenoarquitectura.com\/en\/distintas-tipologias-en-los-espacios-arquitectonicos\/entrevista-primera-emision-jorge-gonzalez-najera-1\/","title":{"rendered":"ENTREVISTA PRIMERA EMISI\u00d3N &#8211; JORGE GONZ\u00c1LEZ-N\u00c1JERA (1)"},"author":7,"comment_status":"open","ping_status":"closed","template":"","meta":{"_exactmetrics_skip_tracking":false,"_exactmetrics_sitenote_active":false,"_exactmetrics_sitenote_note":"","_exactmetrics_sitenote_category":0},"yoast_head":"<!-- This site is optimized with the Yoast SEO plugin v22.7 - https:\/\/yoast.com\/wordpress\/plugins\/seo\/ -->\n<title>ENTREVISTA PRIMERA EMISI\u00d3N - JORGE GONZ\u00c1LEZ-N\u00c1JERA (1) &#8211; Ox\u00edgeno Arquitectura<\/title>\n<meta name=\"robots\" content=\"index, follow, max-snippet:-1, max-image-preview:large, max-video-preview:-1\" \/>\n<link rel=\"canonical\" href=\"https:\/\/www.oxigenoarquitectura.com\/wp-content\/uploads\/2020\/05\/ENTREVISTA-PRIMERA-EMISI\u00d3N-JORGE-GONZ\u00c1LEZ-N\u00c1JERA-1.mp4\" \/>\n<meta property=\"og:locale\" content=\"en_US\" \/>\n<meta property=\"og:type\" content=\"article\" \/>\n<meta property=\"og:title\" content=\"ENTREVISTA PRIMERA EMISI\u00d3N - JORGE GONZ\u00c1LEZ-N\u00c1JERA (1) &#8211; Ox\u00edgeno Arquitectura\" \/>\n<meta property=\"og:description\" content=\"https:\/\/www.oxigenoarquitectura.com\/wp-content\/uploads\/2020\/05\/ENTREVISTA-PRIMERA-EMISI\u00d3N-JORGE-GONZ\u00c1LEZ-N\u00c1JERA-1.mp4\" \/>\n<meta property=\"og:url\" content=\"https:\/\/www.oxigenoarquitectura.com\/wp-content\/uploads\/2020\/05\/ENTREVISTA-PRIMERA-EMISI\u00d3N-JORGE-GONZ\u00c1LEZ-N\u00c1JERA-1.mp4\" \/>\n<meta property=\"og:site_name\" content=\"Ox\u00edgeno Arquitectura\" \/>\n<meta property=\"article:publisher\" content=\"https:\/\/www.facebook.com\/OxigenoArquitectura\/\" \/>\n<meta name=\"twitter:card\" content=\"summary_large_image\" \/>\n<meta name=\"twitter:site\" content=\"@OxigenoArq\" \/>\n<script type=\"application\/ld+json\" class=\"yoast-schema-graph\">{\"@context\":\"https:\/\/schema.org\",\"@graph\":[{\"@type\":\"WebPage\",\"@id\":\"https:\/\/www.oxigenoarquitectura.com\/wp-content\/uploads\/2020\/05\/ENTREVISTA-PRIMERA-EMISI\u00d3N-JORGE-GONZ\u00c1LEZ-N\u00c1JERA-1.mp4\",\"url\":\"https:\/\/www.oxigenoarquitectura.com\/wp-content\/uploads\/2020\/05\/ENTREVISTA-PRIMERA-EMISI\u00d3N-JORGE-GONZ\u00c1LEZ-N\u00c1JERA-1.mp4\",\"name\":\"ENTREVISTA PRIMERA EMISI\u00d3N - JORGE GONZ\u00c1LEZ-N\u00c1JERA (1) &#8211; Ox\u00edgeno Arquitectura\",\"isPartOf\":{\"@id\":\"https:\/\/www.oxigenoarquitectura.com\/#website\"},\"datePublished\":\"2020-05-06T23:01:09+00:00\",\"dateModified\":\"2020-05-06T23:01:09+00:00\",\"breadcrumb\":{\"@id\":\"https:\/\/www.oxigenoarquitectura.com\/wp-content\/uploads\/2020\/05\/ENTREVISTA-PRIMERA-EMISI\u00d3N-JORGE-GONZ\u00c1LEZ-N\u00c1JERA-1.mp4#breadcrumb\"},\"inLanguage\":\"en-US\",\"potentialAction\":[{\"@type\":\"ReadAction\",\"target\":[\"https:\/\/www.oxigenoarquitectura.com\/wp-content\/uploads\/2020\/05\/ENTREVISTA-PRIMERA-EMISI\u00d3N-JORGE-GONZ\u00c1LEZ-N\u00c1JERA-1.mp4\"]}]},{\"@type\":\"BreadcrumbList\",\"@id\":\"https:\/\/www.oxigenoarquitectura.com\/wp-content\/uploads\/2020\/05\/ENTREVISTA-PRIMERA-EMISI\u00d3N-JORGE-GONZ\u00c1LEZ-N\u00c1JERA-1.mp4#breadcrumb\",\"itemListElement\":[{\"@type\":\"ListItem\",\"position\":1,\"name\":\"Portada\",\"item\":\"https:\/\/www.oxigenoarquitectura.com\/\"},{\"@type\":\"ListItem\",\"position\":2,\"name\":\"Distintas tipolog\u00edas en los espacios arquitect\u00f3nicos\",\"item\":\"https:\/\/www.oxigenoarquitectura.com\/distintas-tipologias-en-los-espacios-arquitectonicos\/\"},{\"@type\":\"ListItem\",\"position\":3,\"name\":\"ENTREVISTA PRIMERA EMISI\u00d3N &#8211; JORGE GONZ\u00c1LEZ-N\u00c1JERA (1)\"}]},{\"@type\":\"WebSite\",\"@id\":\"https:\/\/www.oxigenoarquitectura.com\/#website\",\"url\":\"https:\/\/www.oxigenoarquitectura.com\/\",\"name\":\"Ox\u00edgeno Arquitectura\",\"description\":\"Arquitectura e Interiorismo\",\"publisher\":{\"@id\":\"https:\/\/www.oxigenoarquitectura.com\/#organization\"},\"potentialAction\":[{\"@type\":\"SearchAction\",\"target\":{\"@type\":\"EntryPoint\",\"urlTemplate\":\"https:\/\/www.oxigenoarquitectura.com\/?s={search_term_string}\"},\"query-input\":\"required name=search_term_string\"}],\"inLanguage\":\"en-US\"},{\"@type\":\"Organization\",\"@id\":\"https:\/\/www.oxigenoarquitectura.com\/#organization\",\"name\":\"Ox\u00edgeno Arquitectura\",\"url\":\"https:\/\/www.oxigenoarquitectura.com\/\",\"logo\":{\"@type\":\"ImageObject\",\"inLanguage\":\"en-US\",\"@id\":\"https:\/\/www.oxigenoarquitectura.com\/#\/schema\/logo\/image\/\",\"url\":\"https:\/\/www.oxigenoarquitectura.com\/wp-content\/uploads\/2021\/10\/LOGO-O2A-02.png\",\"contentUrl\":\"https:\/\/www.oxigenoarquitectura.com\/wp-content\/uploads\/2021\/10\/LOGO-O2A-02.png\",\"width\":280,\"height\":36,\"caption\":\"Ox\u00edgeno Arquitectura\"},\"image\":{\"@id\":\"https:\/\/www.oxigenoarquitectura.com\/#\/schema\/logo\/image\/\"},\"sameAs\":[\"https:\/\/www.facebook.com\/OxigenoArquitectura\/\",\"https:\/\/x.com\/OxigenoArq\",\"https:\/\/www.instagram.com\/oxigeno_arquitectura\/\",\"https:\/\/www.linkedin.com\/in\/oxigeno-arquitectura-8487a375\/\"]}]}<\/script>\n<!-- \/ Yoast SEO plugin. -->","yoast_head_json":{"title":"ENTREVISTA PRIMERA EMISI\u00d3N - JORGE GONZ\u00c1LEZ-N\u00c1JERA (1) &#8211; Ox\u00edgeno Arquitectura","robots":{"index":"index","follow":"follow","max-snippet":"max-snippet:-1","max-image-preview":"max-image-preview:large","max-video-preview":"max-video-preview:-1"},"canonical":"https:\/\/www.oxigenoarquitectura.com\/wp-content\/uploads\/2020\/05\/ENTREVISTA-PRIMERA-EMISI\u00d3N-JORGE-GONZ\u00c1LEZ-N\u00c1JERA-1.mp4","og_locale":"en_US","og_type":"article","og_title":"ENTREVISTA PRIMERA EMISI\u00d3N - JORGE GONZ\u00c1LEZ-N\u00c1JERA (1) &#8211; Ox\u00edgeno Arquitectura","og_description":"https:\/\/www.oxigenoarquitectura.com\/wp-content\/uploads\/2020\/05\/ENTREVISTA-PRIMERA-EMISI\u00d3N-JORGE-GONZ\u00c1LEZ-N\u00c1JERA-1.mp4","og_url":"https:\/\/www.oxigenoarquitectura.com\/wp-content\/uploads\/2020\/05\/ENTREVISTA-PRIMERA-EMISI\u00d3N-JORGE-GONZ\u00c1LEZ-N\u00c1JERA-1.mp4","og_site_name":"Ox\u00edgeno Arquitectura","article_publisher":"https:\/\/www.facebook.com\/OxigenoArquitectura\/","twitter_card":"summary_large_image","twitter_site":"@OxigenoArq","schema":{"@context":"https:\/\/schema.org","@graph":[{"@type":"WebPage","@id":"https:\/\/www.oxigenoarquitectura.com\/wp-content\/uploads\/2020\/05\/ENTREVISTA-PRIMERA-EMISI\u00d3N-JORGE-GONZ\u00c1LEZ-N\u00c1JERA-1.mp4","url":"https:\/\/www.oxigenoarquitectura.com\/wp-content\/uploads\/2020\/05\/ENTREVISTA-PRIMERA-EMISI\u00d3N-JORGE-GONZ\u00c1LEZ-N\u00c1JERA-1.mp4","name":"ENTREVISTA PRIMERA EMISI\u00d3N - JORGE GONZ\u00c1LEZ-N\u00c1JERA (1) &#8211; Ox\u00edgeno Arquitectura","isPartOf":{"@id":"https:\/\/www.oxigenoarquitectura.com\/#website"},"datePublished":"2020-05-06T23:01:09+00:00","dateModified":"2020-05-06T23:01:09+00:00","breadcrumb":{"@id":"https:\/\/www.oxigenoarquitectura.com\/wp-content\/uploads\/2020\/05\/ENTREVISTA-PRIMERA-EMISI\u00d3N-JORGE-GONZ\u00c1LEZ-N\u00c1JERA-1.mp4#breadcrumb"},"inLanguage":"en-US","potentialAction":[{"@type":"ReadAction","target":["https:\/\/www.oxigenoarquitectura.com\/wp-content\/uploads\/2020\/05\/ENTREVISTA-PRIMERA-EMISI\u00d3N-JORGE-GONZ\u00c1LEZ-N\u00c1JERA-1.mp4"]}]},{"@type":"BreadcrumbList","@id":"https:\/\/www.oxigenoarquitectura.com\/wp-content\/uploads\/2020\/05\/ENTREVISTA-PRIMERA-EMISI\u00d3N-JORGE-GONZ\u00c1LEZ-N\u00c1JERA-1.mp4#breadcrumb","itemListElement":[{"@type":"ListItem","position":1,"name":"Portada","item":"https:\/\/www.oxigenoarquitectura.com\/"},{"@type":"ListItem","position":2,"name":"Distintas tipolog\u00edas en los espacios arquitect\u00f3nicos","item":"https:\/\/www.oxigenoarquitectura.com\/distintas-tipologias-en-los-espacios-arquitectonicos\/"},{"@type":"ListItem","position":3,"name":"ENTREVISTA PRIMERA EMISI\u00d3N &#8211; JORGE GONZ\u00c1LEZ-N\u00c1JERA (1)"}]},{"@type":"WebSite","@id":"https:\/\/www.oxigenoarquitectura.com\/#website","url":"https:\/\/www.oxigenoarquitectura.com\/","name":"Ox\u00edgeno Arquitectura","description":"Arquitectura e Interiorismo","publisher":{"@id":"https:\/\/www.oxigenoarquitectura.com\/#organization"},"potentialAction":[{"@type":"SearchAction","target":{"@type":"EntryPoint","urlTemplate":"https:\/\/www.oxigenoarquitectura.com\/?s={search_term_string}"},"query-input":"required name=search_term_string"}],"inLanguage":"en-US"},{"@type":"Organization","@id":"https:\/\/www.oxigenoarquitectura.com\/#organization","name":"Ox\u00edgeno Arquitectura","url":"https:\/\/www.oxigenoarquitectura.com\/","logo":{"@type":"ImageObject","inLanguage":"en-US","@id":"https:\/\/www.oxigenoarquitectura.com\/#\/schema\/logo\/image\/","url":"https:\/\/www.oxigenoarquitectura.com\/wp-content\/uploads\/2021\/10\/LOGO-O2A-02.png","contentUrl":"https:\/\/www.oxigenoarquitectura.com\/wp-content\/uploads\/2021\/10\/LOGO-O2A-02.png","width":280,"height":36,"caption":"Ox\u00edgeno Arquitectura"},"image":{"@id":"https:\/\/www.oxigenoarquitectura.com\/#\/schema\/logo\/image\/"},"sameAs":["https:\/\/www.facebook.com\/OxigenoArquitectura\/","https:\/\/x.com\/OxigenoArq","https:\/\/www.instagram.com\/oxigeno_arquitectura\/","https:\/\/www.linkedin.com\/in\/oxigeno-arquitectura-8487a375\/"]}]}},"description":{"rendered":"<div style=\"width: 1080px;\" class=\"wp-video\"><video class=\"wp-video-shortcode\" id=\"video-5441-2\" width=\"1080\" height=\"920\" preload=\"metadata\" controls=\"controls\"><source type=\"video\/mp4\" src=\"https:\/\/www.oxigenoarquitectura.com\/wp-content\/uploads\/2020\/05\/ENTREVISTA-PRIMERA-EMISI\u00d3N-JORGE-GONZ\u00c1LEZ-N\u00c1JERA-1.mp4?_=2\" \/><a href=\"https:\/\/www.oxigenoarquitectura.com\/wp-content\/uploads\/2020\/05\/ENTREVISTA-PRIMERA-EMISI\u00d3N-JORGE-GONZ\u00c1LEZ-N\u00c1JERA-1.mp4\">https:\/\/www.oxigenoarquitectura.com\/wp-content\/uploads\/2020\/05\/ENTREVISTA-PRIMERA-EMISI\u00d3N-JORGE-GONZ\u00c1LEZ-N\u00c1JERA-1.mp4<\/a><\/video><\/div>\n"},"caption":{"rendered":"<p>https:\/\/www.oxigenoarquitectura.com\/wp-content\/uploads\/2020\/05\/ENTREVISTA-PRIMERA-EMISI\u00d3N-JORGE-GONZ\u00c1LEZ-N\u00c1JERA-1.mp4<\/p>\n"},"alt_text":"","media_type":"file","mime_type":"video\/mp4","media_details":{"filesize":39311953,"mime_type":"video\/mp4","length":590,"length_formatted":"9:50","width":1080,"height":920,"fileformat":"mp4","dataformat":"quicktime","audio":{"dataformat":"mp4","codec":"ISO\/IEC 14496-3 AAC","sample_rate":48000,"channels":2,"bits_per_sample":16,"lossless":false,"channelmode":"stereo"},"created_timestamp":-2082844800,"sizes":{}},"post":5438,"source_url":"https:\/\/www.oxigenoarquitectura.com\/wp-content\/uploads\/2020\/05\/ENTREVISTA-PRIMERA-EMISI\u00d3N-JORGE-GONZ\u00c1LEZ-N\u00c1JERA-1.mp4","_links":{"self":[{"href":"https:\/\/www.oxigenoarquitectura.com\/en\/wp-json\/wp\/v2\/media\/5441"}],"collection":[{"href":"https:\/\/www.oxigenoarquitectura.com\/en\/wp-json\/wp\/v2\/media"}],"about":[{"href":"https:\/\/www.oxigenoarquitectura.com\/en\/wp-json\/wp\/v2\/types\/attachment"}],"author":[{"embeddable":true,"href":"https:\/\/www.oxigenoarquitectura.com\/en\/wp-json\/wp\/v2\/users\/7"}],"replies":[{"embeddable":true,"href":"https:\/\/www.oxigenoarquitectura.com\/en\/wp-json\/wp\/v2\/comments?post=5441"}]}}

http://www.oxigenoarquitectura.com/wp-content/uploads/2020/05/ENTREVISTA-PRIMERA-EMISIÓN-JORGE-GONZÁLEZ-NÁJERA-1.mp4

ENTREVISTA PRIMERA EMISIÓN &#8211; JORGE GONZÁLEZ-NÁJERA (1)

<!-- This site is optimized with the Yoast SEO plugin v22.7 - https://yoast.com/wordpress/plugins/seo/ -->
<title>ENTREVISTA PRIMERA EMISIÓN - JORGE GONZÁLEZ-NÁJERA (1) &#8211; Oxígeno Arquitectura</title>
<meta name="robots" content="index, follow, max-snippet:-1, max-image-preview:large, max-video-preview:-1" />
<link rel="canonical" href="https://www.oxigenoarquitectura.com/wp-content/uploads/2020/05/ENTREVISTA-PRIMERA-EMISIÓN-JORGE-GONZÁLEZ-NÁJERA-1.mp4" />
<meta property="og:locale" content="en_US" />
<meta property="og:type" content="article" />
<meta property="og:title" content="ENTREVISTA PRIMERA EMISIÓN - JORGE GONZÁLEZ-NÁJERA (1) &#8211; Oxígeno Arquitectura" />
<meta property="og:description" content="https://www.oxigenoarquitectura.com/wp-content/uploads/2020/05/ENTREVISTA-PRIMERA-EMISIÓN-JORGE-GONZÁLEZ-NÁJERA-1.mp4" />
<meta property="og:url" content="https://www.oxigenoarquitectura.com/wp-content/uploads/2020/05/ENTREVISTA-PRIMERA-EMISIÓN-JORGE-GONZÁLEZ-NÁJERA-1.mp4" />
<meta property="og:site_name" content="Oxígeno Arquitectura" />
<meta property="article:publisher" content="https://www.facebook.com/OxigenoArquitectura/" />
<meta name="twitter:card" content="summary_large_image" />
<meta name="twitter:site" content="@OxigenoArq" />
<script type="application/ld+json" class="yoast-schema-graph">{"@context":"https://schema.org","@graph":[{"@type":"WebPage","@id":"https://www.oxigenoarquitectura.com/wp-content/uploads/2020/05/ENTREVISTA-PRIMERA-EMISIÓN-JORGE-GONZÁLEZ-NÁJERA-1.mp4","url":"https://www.oxigenoarquitectura.com/wp-content/uploads/2020/05/ENTREVISTA-PRIMERA-EMISIÓN-JORGE-GONZÁLEZ-NÁJERA-1.mp4","name":"ENTREVISTA PRIMERA EMISIÓN - JORGE GONZÁLEZ-NÁJERA (1) &#8211; Oxígeno Arquitectura","isPartOf":{"@id":"https://www.oxigenoarquitectura.com/#website"},"datePublished":"2020-05-06T23:01:09+00:00","dateModified":"2020-05-06T23:01:09+00:00","breadcrumb":{"@id":"https://www.oxigenoarquitectura.com/wp-content/uploads/2020/05/ENTREVISTA-PRIMERA-EMISIÓN-JORGE-GONZÁLEZ-NÁJERA-1.mp4#breadcrumb"},"inLanguage":"en-US","potentialAction":[{"@type":"ReadAction","target":["https://www.oxigenoarquitectura.com/wp-content/uploads/2020/05/ENTREVISTA-PRIMERA-EMISIÓN-JORGE-GONZÁLEZ-NÁJERA-1.mp4"]}]},{"@type":"BreadcrumbList","@id":"https://www.oxigenoarquitectura.com/wp-content/uploads/2020/05/ENTREVISTA-PRIMERA-EMISIÓN-JORGE-GONZÁLEZ-NÁJERA-1.mp4#breadcrumb","itemListElement":[{"@type":"ListItem","position":1,"name":"Portada","item":"https://www.oxigenoarquitectura.com/"},{"@type":"ListItem","position":2,"name":"Distintas tipologías en los espacios arquitectónicos","item":"https://www.oxigenoarquitectura.com/distintas-tipologias-en-los-espacios-arquitectonicos/"},{"@type":"ListItem","position":3,"name":"ENTREVISTA PRIMERA EMISIÓN &#8211; JORGE GONZÁLEZ-NÁJERA (1)"}]},{"@type":"WebSite","@id":"https://www.oxigenoarquitectura.com/#website","url":"https://www.oxigenoarquitectura.com/","name":"Oxígeno Arquitectura","description":"Arquitectura e Interiorismo","publisher":{"@id":"https://www.oxigenoarquitectura.com/#organization"},"potentialAction":[{"@type":"SearchAction","target":{"@type":"EntryPoint","urlTemplate":"https://www.oxigenoarquitectura.com/?s={search_term_string}"},"query-input":"required name=search_term_string"}],"inLanguage":"en-US"},{"@type":"Organization","@id":"https://www.oxigenoarquitectura.com/#organization","name":"Oxígeno Arquitectura","url":"https://www.oxigenoarquitectura.com/","logo":{"@type":"ImageObject","inLanguage":"en-US","@id":"https://www.oxigenoarquitectura.com/#/schema/logo/image/","url":"https://www.oxigenoarquitectura.com/wp-content/uploads/2021/10/LOGO-O2A-02.png","contentUrl":"https://www.oxigenoarquitectura.com/wp-content/uploads/2021/10/LOGO-O2A-02.png","width":280,"height":36,"caption":"Oxígeno Arquitectura"},"image":{"@id":"https://www.oxigenoarquitectura.com/#/schema/logo/image/"},"sameAs":["https://www.facebook.com/OxigenoArquitectura/","https://x.com/OxigenoArq","https://www.instagram.com/oxigeno_arquitectura/","https://www.linkedin.com/in/oxigeno-arquitectura-8487a375/"]}]}</script>
<!-- / Yoast SEO plugin. -->

ENTREVISTA PRIMERA EMISIÓN - JORGE GONZÁLEZ-NÁJERA (1) &#8211; Oxígeno Arquitectura

https://www.oxigenoarquitectura.com/wp-content/uploads/2020/05/ENTREVISTA-PRIMERA-EMISIÓN-JORGE-GONZÁLEZ-NÁJERA-1.mp4

Oxígeno Arquitectura

https://www.oxigenoarquitectura.com/wp-content/uploads/2020/05/ENTREVISTA-PRIMERA-EMISIÓN-JORGE-GONZÁLEZ-NÁJERA-1.mp4#breadcrumb

Distintas tipologías en los espacios arquitectónicos

<div style="width: 1080px;" class="wp-video"><video class="wp-video-shortcode" id="video-5441-2" width="1080" height="920" preload="metadata" controls="controls"><source type="video/mp4" src="https://www.oxigenoarquitectura.com/wp-content/uploads/2020/05/ENTREVISTA-PRIMERA-EMISIÓN-JORGE-GONZÁLEZ-NÁJERA-1.mp4?_=2" /><a href="https://www.oxigenoarquitectura.com/wp-content/uploads/2020/05/ENTREVISTA-PRIMERA-EMISIÓN-JORGE-GONZÁLEZ-NÁJERA-1.mp4">https://www.oxigenoarquitectura.com/wp-content/uploads/2020/05/ENTREVISTA-PRIMERA-EMISIÓN-JORGE-GONZÁLEZ-NÁJERA-1.mp4</a></video></div>

<p>https://www.oxigenoarquitectura.com/wp-content/uploads/2020/05/ENTREVISTA-PRIMERA-EMISIÓN-JORGE-GONZÁLEZ-NÁJERA-1.mp4</p>
